14)
-5
Calculate -117 + (153 + 6 - 30).
12
What is the value of -105 + (-60 + 35 - (-72 - -8))?
-66
What is 9 + 18 + -12 + 3 + 11 + -14 + -26?
-11
What is -8 - 25 - (8 - ((1 - -4) + -6))?
-42
What is (69 - (0 + -50)) + -48?
71
What is the value of 24 + -1 - (-299 + 66 - -258)?
-2
Calculate -10 + 27 - -73 - (-3 - (0 + -19)).
74
What is -20 - (0 + -15 + 0)?
-5
Calculate -57 - (-138 - -21 - -94).
-34
What is 1 + (17 - -4 - 11 - 0)?
11
Evaluate 21 - (32 - 36) - 32.
-7
What is -33 + 9 + 9 + 17?
2
Calculate -11 - (-4 - 5) - -40.
38
Evaluate 6 - (-36 - -41 - (-25 + 53) - (1 + 7)).
37
-1596 + 1619 - (21 - 5)
7
(-30 + 58 - 34) + -39
-45
What is the value of 12 - (72 + -30 - 52)?
22
Evaluate (49 - (29 - -1)) + (-36 - -3).
-14
-18 - ((-6 + 75 - 22) + -23)
-42
Evaluate -2 + 24 + 0 + (-268 - -198).
-48
Evaluate -5 + (0 + (-4 - -5) + -3 - (-13 + 18)).
-12
What is 31 + -7 + 5 + 26 + -58?
-3
Calculate -103 - 175 - -317 - (72 - 1).
-32
What is 20 - (-14 + 2 + (-180 - -195))?
17
6 - 9 - 12 - (-733 + 752)
-34
Calculate -67 + 41 + 32 + (-12 - -2) - (-1 + -52).
49
What is 3 + -39 - (-1 + 1 + -1 + 2 + -3)?
-34
What is -47 + 104 + -2 + -36?
19
Evaluate (5 - 9) + 5 - (19 - 8 - -4).
-14
What is the value of 159 - (326 + -162) - (0 + 13)?
-18
What is -25 + 64 + -18 + (5 - (13 + 6 + -4))?
11
Calculate (-13 - (37 + -45)) + (-2 - 6) + -24.
-37
-197 + 175 + (12 - 6) + (-3 - -8)
-11
What is 0 + 14 + 11 + (-46 - -21 - -2)?
2
What is the value of -51 - (-3 - (23 + 4 + -16 - -6))?
-31
Evaluate -8363 + 8337 - (-50 + 1).
23
-28 + -46 + 23 - -78
27
-47 + (17 + -38 - -34)
-34
Calculate (-98 - -101) + (6 - 9) + -4 + 50.
46
What is the value of -4 - -46 - (928 + -771) - (0 + -2)?
-113
25 - (40 - 55 - (-9 + 4 + -2))
33
Calculate -3 + 5 + -1 + -2 + -3 + 442 + -349.
89
0 + -2 + 21 - (4476 + -4460) - 13
-10
What is the value of 2 + 41 + (13 - (-3 + 19))?
40
What is the value of 15 - 3 - 18 - (7 + (-8 - -15) + -8)?
-12
-31 - (-3 + 26 + -56)
2
Calculate 26 + -57 - (-9 - (5 - 4) - 3).
-18
23 + 25 + -38 - -4
14
What is the value of -8 + (4 + -9 + 3 - (-39 - -38) - -4)?
-5
Calculate 84 - (67 - (-122 + 31)).
-74
Evaluate -202 + 21 + -19 + 155.
-45
Calculate 54 + -12 + (23 - (-14 - (-20 + 3))) + -4.
58
Evaluate -26 - (-1 + 1) - (-24 + 134 - 106).
-30
What is -15 + (20 + (-18 - -18) - -16)?
21
Calculate -424 + 484 - (-7 + 26).
41
2 - 4 - 47 - (32 + (4 - (-9 + 51)))
-43
Evaluate 119 + -121 + -38 - -17.
-23
What is (20 - -5) + -9 - (11 + 4 + -5 + -5)?
11
What is the value of -19 - (-105 + 47 - -34)?
5
Evaluate -98 - -147 - (10 - -57).
-18
What is -22 - (-54 - -136) - (-3 - 1 - 3)?
-97
What is (-3 - -4) + 0 + (11 + 17 + -2 - -20)?
47
Calculate 12 - (19 + 1 + -13 - -19).
-14
(32 + -18 - 30) + (-6 - (0 + -7))
-15
What is (-32 - -118) + -17 + 0 + -23?
46
What is -68 - -35 - (118 - 77)?
-74
Evaluate -3 - 98 - (-44 - (-62 - -35)) - (4 + 6).
-94
Evaluate 26 - (-20 + (58 - 89)).
77
Evaluate 13 + -5 + -8 + -7 + -10.
-17
(1 - -59) + (380 - 382)
58
Evaluate 35 + (-684 - -708 - (6 - -1)).
52
Evaluate 65 + (3 - 6) + -7 - ((4 - 7) + 2).
56
Calculate -61 + 37 - 0 - 39.
-63
What is (4 - (-4 - 7) - (-11 + -24)) + 17?
67
What is the value of 3 + -6 + 5 - (35 + 0 + 6)?
-39
Calculate -22 + 64 + -2 + -14 + -11.
15
What is the value of -7 - (20 - 23) - (4 - (-8 - -19) - -67)?
-64
Calculate 106 + -318 + 101 - -174.
63
-69 + 13 + (25 + -17 - 26)
-74
Calculate (-2 - 90) + (1 - -34) + -52 - -13.
-96
Calculate 5 + 27 + -26 + 36 + -28.
14
What is the value of (10 - -4) + (-78 - (-43 + -27))?
6
What is -2 - (17 + (-24 - -7) - -12)?
-14
What is the value of -29 + 8 + 121 - 84?
16
-23 - ((114 - 45) + -53)
-39
What is the value of 636 - 675 - (10 + 4)?
-53
Evaluate 8 - (65 + -28 - 27) - -48.
46
Evaluate (27 - -20 - -7 - -13) + -17.
50
Calculate -1287 + 1382 - (3 + 35).
57
Calculate 5 - (-9 + -3 + 15 - 23).
25
What is the value of 123 - ((19 - -15) + (-25 - -16))?
98
71 + -5 + -38 + -40
-12
What is the value of (11 + -1 - (-1 - -13 - 8)) + -19 + -1?
-14
Evaluate 3 + (0 - 1) + (148 + -238 - -142).
54
What is 90 + -22 - (34 - -54)?
-20
-31 - (40 + -65) - (3 + 70)
-79
What is (1 - (6 - 1 - 3)) + (-44 - (29 - 81))?
7
Calculate 106 + 4 - 132 - (1 - -2).
-25
What is -8 - (-29 - (58 - 59)) - (-16 + 2)?
34
Calculate -40 + 42 + -47 + 34.
-11
Calculate -32 + 22 - (48 + -69).
11
(-10 + (23 - 10) - 4) + -12 - (2 - 8)
-7
(-2 - -1) + (-5 - (0 + -53)) - -12
59
What is the value of 9 - (8 + -24) - (-1 + 1 + 5)?
20
What is 7363 + -7305 + (-2 - (0 + 21))?
35
Evaluate (0 - 23) + (1745 - 1780).
-58
-70 + -61 + (222 - 94)
-3
Evaluate -23 + -11 + 30 + 5 - 6.
-5
What is the value of 24 + (15 - 31) + (7 - 0)?
15
-30 + -2 + 371 + -352 + -1 + 20
6
Evaluate 8 + 0 + (-17 - (88 + (29 - 49) - -22)).
-99
17 - (-1 + 83 + (9 - 30))
-44
What is the value of 106 + (115 - 181) - (10 + (0 - -1))?
29
-58 + -36 + -1 + 8 + 16
-71
10 + 5 + 1 + -6 + 12 + (-1 - -12)
33
Evaluate -5 + -60 + 16 - -10.
-39
-100 + 64 + 49 + -54
-41
What is the value of 42 - -9 - (6 + (-7 + 17 - 11))?
46
What is -37 + 21 + 17 + -23 + 3?
-19
Calculate 7 + -82 + 40 - -31 - (6 + -3 + -105).
98
Evaluate -8 + -25 + 77 + 8 + 34.
86
What is (6 - (10 + -8)) + 34?
38
(-47 + -31 - -96) + -3 + 2
17
What is 36 + (29 - 51) - 40?
-26
-42 + -37 + (-7 - (-29 - -5))
-62
What is (-7 - (27 - 44)) + (51 + 0 - -2)?
63
(3 - 1 - 2) + -11 + 14 - (13 - 4)
-6
Evaluate 70 + -49 - -25 - 1.
45
Calculate 9415 - 9309 - (43 + 0 + -1).
64
What is the value of -17 - -2 - (-18 + -27 + 40 + 12)?
-22
-22 - 3 - (128 + -172)
19
Evaluate -29 + -56 + 20 - -116.
51
Evaluate 0 + (11 + 1 - (-57 + 68)) + 6.
7
What is the value of (-50 + -75 - -24) + 185?
84
Calculate 84 - 36 - (90 - (-32 + 13)).
-61
-16 - (-12 - (40 + 23 + 1))
60
What is (23 - 18) + -26 + 52?
31
What is the value of (-1 - -1 - -89) + 21395 + -21423?
61
Evaluate 140 + (143 - (-127 - -353)).
57
Evaluate (-4 - ((12 - 11) + -5 + 4 + 1)) + -8.
-13
What is the value of -23 + -3 + 47 + -52 + 1?
-30
What is 61 + -105 - (2 + -5) - -4?
-37
Calculate -11 + 1 - (660 - 672).
2
Calculate 9 + -38 - (-3 + (-35 + 12 - -8)).
-11
What is the value of -45 + (-22 - -46 - -8) + 1 + 81?
69
What is (-44 - (12 - -11)) + 29 + -40?
-78
Evaluate (16 + 2 - (0 - 35 - -41)) + -11.
1
(2 - 0) + 0 + 46 + -9 + 1 - -10
50
What is 553 + -619 + (4 - 1) - -44?
-19
Calculate -2 + 2 + (2 - -1) - (6 - 54 - 2).
53
-8 - (3 + 0 + -24 - (-754 + 734))
-7
What is the value of (0 - 11 - (-61 - (4 - 4) - -9)) + 6?
47
-5 - -12 - -7 - (3 - 8 - -67)
-48
Evaluate 4 + -52 - ((9 + -8 + -1 - 9) + 0).
-39
Evaluate (-60 - 91) + 303 - 209.
-57
What is 10 + 3 + -12 + -3 - (-10 - -2) - 13?
-7
Evaluate -14 - (152 + (-6 - (23 + 16))).
-121
What is 24 - 1 - (10 + (1 - -2) + -336 + 317)?
29
What is -139 + -126 + 249 - -105?
89
Evaluate -30 - (27 + (-4 - -17) + -183).
113
(-43 - -26) + (6 - 5) - -49
33
Evaluate -3 + 8 + -9 + (-11 - (-40 + 21)).
4
What is the value of 6 + -7 - ((-8 - 0) + (-6 - -2))?
11
Evaluate -1418 - -1411 - (24 - 0).
-31
Calculate -35 + 11 + (5 + -35 - -1).
-53
What is the value of -22 + (8 - (-8 + 16)) + -13?
-35
Evaluate -3 + 3 - (-455 + 480).
-25
Evaluate -102 + -1 - (579 - 642).
-40
What is the value of 791 + -742 + -2 + (11 - (2 + (0 - -1)))?
55
164 - (6 - (34 + -149))
43
What is (73 - (-2 + 12 - (5 + 4))) + -2 + 2?
72
Calculate -99 + 67 + -19 + -3 + (3 - 3).
-54
Calculate (-194 - -193) + 7 + -12.
-6
Calculate -7 - (-10 + 5) - (-6 - (28 + -7)).
25
What is the value of -18 - (5 + (11 + 11 - 4))?
-41
-39 - -14 - (-129 - (37 - 78))
63
(-178 - -165 - (4 + -65 - -2)) + -1 + 3
48
Calculate 55 - (12 + (-2 - (0 - 11))).
34
-23 - (-3 - (3 - 26)) - 22
-65
Calculate -80 + -1 - (0 - 1) - (-354 + -488 + 831).
-69
(0 - 6) + 1 + -7 + 17 + 31 + -23
13
What is the value of 6 - (15 - (-10 - -34)) - 18?
-3
What is 11 - (8 + 14) - (14 - -7)?
-32
Calculate 3 - 50 - 1 - (19 + -12 + 0 + -12).
-43
(115 - (-15 - -26) - 5) + (0 - -5) + 1
105
Calculate (301 - 272 - (5 - -48)) + -59.
-83
What is the value of 3 + (6 - 0) + -8 - (17 - -73)?
-89
Evaluate -65 + -9 + 13 - ((-3 - 10) + 10).
-58
-6 + -101 + (19 - 13) + 28
-73
-1 - 19 - ((-134 - -97) + 19)
-2
Evaluate 12 + -23 + (4 - -6) + (-9 - (56 - 8)).
-58
(-135 - (87 + -216)) + 130
124
What is 5 + -22 + (17 - (4 + 4)) - 31?
-39
What is the value of (14 - 11) + (11 - 9) + (-2 - -7 - 2)?
8